 first derivative of i**2/2 - 8*i + 1. Give u(y).
2
Let z(s) = s**2 - 11*s + 28. Let u(t) = -2*t**3 + 110*t**2 - 104*t - 211. Let f be u(54). Calculate z(f).
-2
Let y(v) = -4*v - 9. Let r be y(-3). Suppose q - 2 = r*q. Let s(x) be the first derivative of x**2/2 + 10. Give s(q).
-1
Let q = 953 - 949. Suppose 5*k + 2*o = -0*o + 25, 5*o - 15 = -3*k. Let x(f) = -f**3 + 6*f + 1 + 5*f**2 - k*f - q - 3*f. Give x(4).
5
Let n(i) = -1714*i - 4*i**2 + 854*i + 38 + i**3 - 19 - 6 + 857*i. Determine n(4).
1
Let q(p) = -23*p - 182. Let y be q(-8). Let f(v) = -25*v + 50. Let k be f(y). Let s(i) = -i**3 + i**2 - 2. What is s(k)?
-2
Let t(b) = -b**3 + b. Let l(w) = 3*w**3 + 6*w**2 - 2*w - 8. Let v = 254 - 140. Let n be v/24 + (-6)/8. Let z(u) = n*t(u) + l(u). Calculate z(6).
4
Let s(n) = -n**2 - 12*n + 11. Let m(y) = -y**2 - 14*y + 12. Suppose 23*g - 18 = 20*g. Let r(o) = g*s(o) - 5*m(o). Calculate r(-4).
-2
Let o(u) = -16662*u - 16608*u + 49964*u - 17 - 23*u**2 - 16629*u + u**3. Give o(20).
83
Let m(q) = q - 1. Suppose 905 = 3*t - 8*t - 5*i, 5*i + 161 = -t. Let g = 179 + t. Calculate m(g).
-8
Let i(x) = -37*x**3 - 8*x**2 - 13*x + 47. Let m(q) = -17*q**3 - 4*q**2 - 6*q + 22. Let r(n) = 6*i(n) - 13*m(n). Calculate r(5).
-29
Let t(i) = -41*i**3 - i**2 - 3*i - 3. Suppose 5*j + 5*s = 5, 5*j - s - 94 + 101 = 0. Calculate t(j).
40
Let b(k) = k**2 - 11*k + 12. Let m(v) = 7*v + 122. Let w be m(-16). Give b(w).
2
Let z(j) = 7*j**3 - 101*j**2 + 11*j - 14. Let w(p) = 11*p**3 - 160*p**2 + 17*p - 21. Let c(f) = 5*w(f) - 8*z(f). Give c(7).
35
Suppose 371 = 113*u + 936. Let y(v) = 41*v + 200. Calculate y(u).
-5
Let a(u) = u**2 + 11*u - u**3 + 13*u - 17*u. Let z be a(0). Let y(n) = -n**3 + n**2 + n - 19. Determine y(z).
-19
Let y(t) = 4*t**2 - t + 9. Let o(k) = 2*k - 1. Let g(n) = -2*o(n) - y(n). What is g(-3)?
-34
Let t(u) = 41 - 78*u + 34*u + 72*u + 48. What is t(-3)?
5
Let d(k) = k**3 + k**2 - 2. Let l = 9 - 11. Let u(n) = 5*n**2 + 6*n - 6. Let x be u(l). Calculate d(x).
10
Suppose -7*t + 41 = 41. Suppose -n + 4*m + 1 = t, -3*m + 12 = -7*n + 2*n. Let b(j) = j**3 - j**2 - 4*j - 3. What is b(n)?
-27
Let x(s) = 4*s**3 - 7*s**2 - 12*s - 3. Let p(w) = -10 + 11*w**3 - 182*w**2 + 88*w**2 - 36*w + 72*w**2. Let v(g) = -3*p(g) + 8*x(g). Determine v(11).
17
Suppose -36*h + 35757 = -29259. Let p(x) = x**2 - 1 - h*x + 1811*x + 1. Calculate p(-4).
-4
Let w = -6 + 12. Let o(x) = x**2 - 5*x - 232. Let c be o(-15). Let z(l) = -l**2 - c - 3*l + 19 + 2*l**2 + 17 + 27. Calculate z(w).
13
Let x(o) be the first derivative of -11*o**2 + 262*o - 4964. Calculate x(12).
-2
Let d(t) = t**2 + 51*t + 271. Let s be d(-45). Let m(y) = -y**3 + 6*y**2 - 3*y - 5. Let p be m(5). Let q(n) = -p + 6 - 2 + 0 - 6*n**2. Determine q(s).
-7
Suppose 10 = 2*x - 10. Let o(b) = -3 + 8270*b - b**2 + 4*b**2 - 4*b**2 + 8269*b - 16529*b - 5. Calculate o(x).
-8
Let l(j) = -j**3 + 7*j**2 - 5*j + 2. Let v be l(6). Let t = v - 15. Let y(n) be the first derivative of n**3/3 + 3*n**2 - 4*n - 12667. Calculate y(t).
3
Let u(q) be the first derivative of -q**4/24 - 7*q**3/6 - 17*q**2/2 + 2*q + 35. Let k(h) be the second derivative of u(h). Determine k(0).
-7
Let k(m) = m**3 - 6*m**2 + 9*m - 1. Let l(i) = -99*i + 1984. Let v be l(20). Calculate k(v).
3
Let l(y) be the third derivative of -y**5/60 - 5*y**4/24 - 13*y**3/6 + 168*y**2. What is l(0)?
-13
Let y(v) = v**3 + 23*v**2 - 48*v + 16. Let n be 6 - 1 - ((-6)/21*-7 + 28). Determine y(n).
-34
Let v(l) be the third derivative of -l**4/24 - l**3/2 - 2*l**2 - 5*l. Let w(c) = -c**3 - 2*c**2 + 2*c - 1. Let j be w(1). Give v(j).
-1
Suppose -201*x + 8 = -205*x. Let h be x/(24/(-35) + 8/20). Let f(i) be the second derivative of i**4/12 - 4*i**3/3 + 2*i**2 - i. What is f(h)?
-3
Suppose -k - 2*a = -5*k - 28, 4*k = 5*a - 40. Let c(d) be the first derivative of -d**3/3 - 2*d**2 - d - 190. What is c(k)?
-6
Let a(g) be the first derivative of 3*g**3 - 2*g**2 - 4*g - 15. What is a(-1)?
9
Let b(h) = -h**2 + 3. Suppose o = -4*a - 11, 4*a + 15 = 11*o - 8*o. Let m be ((-15)/(-10) + -3)/(a/6). What is b(m)?
-6
Let i = 86 - 78. Let s(q) = 903*q**2 + 0*q - 904*q**2 - 12*q - i. Determine s(-11).
3
Let m(j) be the first derivative of -j + 1/4*j**4 - 2 - 2*j**3 - 1/2*j**2. Suppose 108*u + 78*u - 1002 = 19*u. Calculate m(u).
-7
Let n(h) = h + 23. Let b be n(-10). Let v(j) = -2*j**2 + 25*j + 28. Let c be v(b). Suppose 9*o - 24 = -c. Let d(a) = -16*a**2 + 1. What is d(o)?
-15
Let m(f) = -f - 9. Let r = -3783 - -3784. Determine m(r).
-10
Let p(s) = s - 1. Let t = 78 + -73. Suppose -t*z - 4*a - 8 + 61 = 0, 8 = 4*a. Suppose 5*l = 2*c - z, -l + 2*l = -4*c - 15. Calculate p(c).
-4
Suppose -5*u + 532 = 132. Suppose -9*o = -14*o + 5*z + u, -3*z = -2*o + 36. Let n(h) = -h**2 + 11*h + 6. What is n(o)?
-6
Let h(r) = r**3 - r**2 + 3. Suppose 6*i - 50 = 4*i + 4*w, -5*w + 126 = 4*i. Suppose -i*x + 32*x = -9. Calculate h(x).
-33
Let n be (-3 + 12)/(24/80). Suppose -3*p + d = -25, 2*d = -4*p + 4*d + n. Let k(j) = -5*j + p*j + 8*j + 1. Give k(-1).
-12
Let b = 681 - 331. Let d = b - 356. Let s(t) be the second derivative of t**5/20 + 7*t**4/12 + t**3 + 7*t**2/2 - t. Determine s(d).
7
Let t(h) = -h**2 - 2*h - 1. Suppose 0 = -n + 6*n - 25, 5*d - n = 100. Suppose -d*k - 60 = -41*k. What is t(k)?
-16
Let p = 35 - 35. Let b be 9/(-45)*0 - (p + -11). Let u(k) = -8*k + b - 1 - 11*k + 17*k. Determine u(7).
-4
Let b(t) be the second derivative of 1/3*t**3 + 0 - 8*t + 0*t**2. Let k be ((-85)/25 + 3)*5. Calculate b(k).
-4
Let c = -25 - -27. Suppose 5*k + 3*a + c = 11, k = -5*a + 15. Let j(p) = -4*p**2 + 3*p + 29. Let l(f) = -f**2 + f + 10. Let g(v) = 2*j(v) - 7*l(v). Give g(k).
-12
Let i(r) = -25*r - 141. Suppose 25*z = h + 28*z + 9, 4*h = -3*z - 27. Give i(h).
9
Let d(b) = -23*b - 243. Let q be d(-11). Let c(u) be the second derivative of 0 - 1/3*u**3 + 2*u**2 - q*u. What is c(5)?
-6
Let s(k) = 6*k**2 + 15*k + 39. Let i(c) = -7*c**2 - 17*c - 45. Let m(n) = -5*i(n) - 6*s(n). Calculate m(-8).
-33
Let q(x) = 4*x**2 - 77*x - 595. Let n(t) = -9*t**2 + 180*t + 1387. Let d(h) = -7*n(h) - 16*q(h). Determine d(-14).
7
Let u be 7 - 8/3*42/(-448)*-24. Let p(z) = -12*z**3 - z**2 - 2*z + 2. Calculate p(u).
-13
Let y = 49201 + -49200. Let f(q) = -2*q**2 + 2*q - 3*q**2 - 4*q - q**2. Determine f(y).
-8
Let g(a) = a**2 + 8*a + 5. Let s be (3/54*6)/(-1*2/54). Give g(s).
14
Let a = -42 + 165. Let b = a - 115. Let s(g) = -g**2 + 9*g - 11. Give s(b).
-3
Let d(x) = x**2 - 13*x + 30. Suppose 0 = -g - 0*g + 2*a + 18, a = 4*g - 44. What is d(g)?
0
Let m(z) = z**2 + 7*z + 19. Let u(g) = 4*g**2 - 9*g - 1. Let q be u(1). Calculate m(q).
13
Let r(a) = a**2 - 12*a + 23. Let l = 3638 - 3624. What is r(l)?
51
Let g(u) = u**2 + u - 17. Suppose 28 = 5*l - h, 85*l - 4*h = 84*l + 17. Calculate g(l).
13
Let u(y) = y**3 - 11*y**2 - 3*y - 65. Let a be u(9). Let z = -255 - a. Let c(s) = -8*s - 1. Determine c(z).
7
Let w(n) be the third derivative of -5*n**4/6 - 31*n**3/6 - 11*n**2 - 5*n. Determine w(-2).
9
Let c(g) = 2*g**3 - 46*g**2 + 21*g - 51. Let l be c(23). Let v = l - 417. Let m(z) = z**2 - 14*z - 16. Calculate m(v).
-1
Let g(d) = -d + 18. Suppose -37*i - 161 = 24. Determine g(i).
23
Let z(q) = -2*q. Let g = 1025 + -1022. Determine z(g).
-6
Suppose 4*l - 1196 = -5*v - 1089, 3*l = -5*v + 94. Let z(r) = 8*r + 10. Let a(o) = o + 1. Let n(g) = -5*a(g) + z(g). Calculate n(v).
38
Let l(q) = -2*q**2 - 96*q + 418. Let r(i) = -i**2 - 47*i + 206. Let g(a) = -3*l(a) + 7*r(a). Calculate g(-45).
8
Let p(o) = 3*o**2 - 15*o - 10. Let x(b) be the third derivative of -b**5/60 + 5*b**4/24 + b**3/2 + 13*b**2 + 2*b. Let d(u) = 2*p(u) + 7*x(u). Give d(6).
-5
Suppose -32*j = -1270 - 298. Suppose 3*u = j - 7. Let r(a) = -a**3 + 15*a**2 - 15*a + 8. Calculate r(u).
-6
Let l(f) = -6*f + 5. Let q(r) = -9*r + 6. Suppose -40*k + 112 + 8 = 0. Let w(y) = k*q(y) - 4*l(y). What is w(-2)?
4
Let s(b) = 8*b**2 - 264*b + 693. Let h(r) = -r**2 + 36*r - 99. Let t(z) = 15*h(z) + 2*s(z). Determine t(-18).
9
Let k = 55 + -53. Let d(h) = 13 - h**k - 3 - 1321*h + 1328*h. Let l(a) = -a**3 + 4*a**2 + 2*a. Let b be l(4). Give d(b).
2
Let t(a) be the second derivative of a**5/20 + 7*a**4/12 + a**3/2 - a**2/2 + 67*a + 10. What is t(-7)?
-22
Let b(m) = -405*m**2 + 5*m + 0*m - m**3 + 192*m**2 + 212*m**2 + 4*m + 33. 